ighest common factor of f and 108.
9
Let i(v) = -29*v + 190. Let a be i(0). What is the greatest common factor of 230 and a?
10
Suppose -355 = 2*b - 3*n, -5*b + n + 879 = -10*b. Let j be 1980/b*(2 + -1)*-4. Calculate the greatest common divisor of j and 60.
15
Suppose 14*g = 9*g + 1765. Let d = g + -333. Let t(v) = 3*v**3 - 4*v**2 + 2*v - 1. Let w be t(3). What is the highest common divisor of d and w?
10
Let j = 521 + -497. Let h(m) = 3*m**2 - 71*m + 6. Let r be h(j). Suppose 4*u - 5*u = -40. Calculate the greatest common factor of r and u.
10
Suppose 30245 - 102245 = -300*v. What is the highest common divisor of 45 and v?
15
Let u be 20073/15 - ((-2)/(-5) + 246/(-205)). What is the greatest common divisor of u and 13?
13
Let m be (-106 - -1)*(-2)/(-2). Let l = m + 165. Calculate the greatest common divisor of l and 6.
6
Suppose -3*y = y - 116. Let d be (6 + -8)*(-9 + 121/(-22)). Calculate the highest common factor of d and y.
29
Let o = -9360 - -10166. What is the highest common divisor of o and 62?
62
Let x(z) = -130*z + 1224. Let f be x(-40). What is the greatest common divisor of f and 22?
22
Let n(w) be the first derivative of -1/3*w**3 - w - 19/2*w**2 - 9. Let x be n(-17). What is the greatest common divisor of 44 and x?
11
Suppose 12 = 32*o - 34*o. Let u(j) = -3*j**2 - 22*j - 18. Let w be u(o). Let c be (8/5)/(w/90 + 0). What is the highest common divisor of c and 48?
24
Let v = -110 - -131. Let t be (-62 + 55)*-2*4. Calculate the greatest common factor of v and t.
7
Let k(u) = -7*u + 33. Let q be k(6). Let f be (-106)/q + 42/189. What is the highest common factor of 24 and f?
12
Let p(o) = 3*o**2 - 4*o + 5. Let f be p(1). Suppose -2*w = f*h - 6, 2*h + 4*w - 7 = -h. Let t = 66 - 59. What is the greatest common factor of t and h?
1
Suppose 3*h - 84 = -4*h. Suppose u - h = -0. Suppose 3*t - 4*n - 65 = 9, -t = -3*n - 33. What is the highest common factor of t and u?
6
Suppose -10*m - 14*m + 68*m + 114*m - 18170 = 0. Let z be (-27)/(-5) - 4/10. What is the highest common factor of m and z?
5
Let a be (-2)/2*-1 - -20. Let r = 3397 + -3397. Suppose 4*k - 5*x - 134 = 0, -k + r*k = 5*x - a. Calculate the highest common divisor of 31 and k.
31
Suppose 4*m + 3*q - 240 = 0, m - 106*q = -105*q + 53. Let z(u) = u**3 - 7*u - 5. Let k be z(-4). Let l = m + k. What is the greatest common factor of l and 208?
16
Suppose 2*n = 2*y + 6, 42*y - 37*y = 2*n. Calculate the greatest common factor of 338 and y.
2
Let q = 340 + -337. Suppose 4*f + q*g = 882 - 209, 2*f - g = 339. Calculate the greatest common factor of f and 13.
13
Let k be ((-350)/30)/(4697/1176 + -4). Calculate the greatest common factor of 40 and k.
40
Suppose d - 86 = -4*t, 61 + 28 = d + 5*t. What is the greatest common factor of d and 18?
2
Let n = -422 - -427. Suppose 4*w - 8 + 7 = n*s, -5*w + 26 = 2*s. What is the highest common factor of 51 and s?
3
Suppose h - 26 = 16. Suppose 5*r - j = 286, 3*r + 82963*j - 186 = 82966*j. What is the highest common factor of r and h?
14
Let k = 6 - 10. Let f be 6/k - (-549)/6. Suppose -2*a + 3*w + 69 = 0, a - 5*a = 2*w - 146. Calculate the greatest common divisor of a and f.
18
Let n be ((-12)/(-9))/(2/3). Suppose 0 = -2*y + 55 - 5. Let w be (1 - -13)*(-4 + y/5). What is the highest common factor of w and n?
2
Suppose 233 = 2*k - 2*r - 3, 2*r - 484 = -4*k. Let i(h) = 23*h + 30. Let b be i(6). Calculate the greatest common factor of k and b.
24
Suppose 5*k = 3*g + 1720, 30*g - 5 = 31*g. Calculate the greatest common divisor of 209 and k.
11
Let b = 634 - 1077. Let n = -433 - b. Calculate the greatest common divisor of 55 and n.
5
Let g(a) = -8*a. Let i be g(-6). Suppose 3*v + 21 = 3*x - 87, 4*v + 141 = x. Let s be 10/60 - v/6. Calculate the highest common divisor of i and s.
6
Let m(z) be the first derivative of -z**4/4 + 10*z**3/3 + 2*z**2 - 34*z + 47. Let r be m(10). Calculate the greatest common factor of 30 and r.
6
Let f = -4016 + 6700. What is the greatest common factor of 44 and f?
44
Let q = 22 - 12. Suppose 8*k + q = 10*k. Suppose -6*t = -k*t - 36. Calculate the highest common factor of t and 9.
9
Let l be (4/(-3) + 3)/((-6)/(-18)). Suppose -t - l*i + 160 = 0, -4*t - i = -0*i - 697. Calculate the greatest common factor of t and 25.
25
Let p be 21/(-3) + (-5 - -6)*333 + 4. What is the highest common divisor of 1078 and p?
22
Let z = 136 - 27. Let k = -5709 - -5821. Let l = k - z. What is the highest common factor of l and 12?
3
Let u be 7 + -1 + ((-12765)/46)/((-5)/2). What is the highest common factor of 2470 and u?
13
Suppose 43 = 2*m - 77. Let s be (m + 5)/(-5)*-1. What is the highest common divisor of 13 and s?
13
Let s(l) = 3*l**2 + 46*l - 114. Let r be s(-30). What is the greatest common factor of 36 and r?
18
Let h be 1/(3/(-9)) + 3. Suppose -42*z + 46*z - 72 = h. Calculate the greatest common divisor of 9 and z.
9
Let t(x) = 11*x**2 + 10*x + 41. Let b be t(-3). Let f(y) = y**3 + 8*y**2 + 5*y - 4. Let o be f(-7). Calculate the greatest common factor of o and b.
10
Let g = 8891 - 8887. Let v(w) = 2*w**3 - 2*w + 2. Let o be v(2). Calculate the greatest common divisor of g and o.
2
Let h = 20667 + -20631. Calculate the greatest common divisor of h and 29232.
36
Let t(y) be the second derivative of 1/20*y**5 - 15*y**2 + 1/3*y**3 - 5/3*y**4 + 18*y + 0. Let a be t(20). Calculate the greatest common factor of 70 and a.
10
Let b be (-16)/4 - 1*(-7 + 3). Suppose 0*p + 5*p - 50 = b. Calculate the greatest common divisor of 40 and p.
10
Let k(d) = -2*d**2 - 47*d - 2. Let h be k(-23). Suppose -5*z - 3*f = -76, h = 2*z - 5*f + 3. Calculate the greatest common factor of z and 2.
2
Suppose 321*g - 5787621 = -3706916 + 4662221. What is the highest common factor of 108 and g?
54
Let q be 0 + 4/(-6) + (-42700)/84. Let n = -221 - q. What is the highest common factor of 18 and n?
18
Suppose 0 = -61*a - 72*a + 103208. Calculate the highest common divisor of a and 1358.
194
Let v = 45 - 78. Let f = v - -39. Suppose 3*j + 21 = 9, f = 3*i + 3*j. Calculate the highest common divisor of 42 and i.
6
Let t(m) = -417*m - 293. Let n be t(-4). What is the highest common factor of 880 and n?
55
Let x be (28/16 + -5)*(-19 - -3). Let o = 59 + 227. Calculate the greatest common factor of o and x.
26
Suppose -7*x - 2*x + 108 = 0. Suppose k - 6*k = -105. Let y be 54/k*(-56)/(-3). What is the highest common factor of y and x?
12
Suppose -13*m - 218808 = -220758. What is the highest common divisor of 4365 and m?
15
Let c be -2 + 5 - (-5 + -7 - -4). Let t = 71 - -28. Calculate the highest common divisor of c and t.
11
Let i = -9253 - -9637. Calculate the greatest common factor of i and 24.
24
Let m(z) be the third derivative of z**4/24 + 3*z**3 - 51*z**2. Let g be m(2). What is the highest common divisor of g and 70?
10
Suppose 62 + 14 = 4*s. Let p = -2 + s. Suppose 0 = 6*c - 31 - p. Calculate the highest common divisor of c and 4.
4
Suppose 173*i + 2016 = 245*i. Suppose -o = 3*j + 14 - 160, -1 = o. What is the highest common factor of i and j?
7
Suppose 3*o - 3*k - 657 = k, 0 = 4*k + 12. Let i = o - 167. Calculate the greatest common divisor of 336 and i.
48
Let z be 80/28*79 + 35/(1470/12). What is the highest common factor of 13447 and z?
113
Suppose -25*x = -601*x + 56304 - 14832. Let y = -15 - -39. What is the highest common divisor of x and y?
24
Suppose -4*i - 590 = 3*a, 2*a + 2*i = -334 - 60. Let s = -170 - a. Suppose -3*b + 8 = -4. Calculate the greatest common factor of s and b.
4
Let y be (-3 - 20/(-6))/(416/25130976). What is the highest common divisor of y and 26?
13
Suppose 3*t = -f + 63 - 10, -5*t = f - 51. Let s(i) = i**3 + 6*i**2 + 3*i + 4. Let m be s(-5). What is the highest common factor of f and m?
14
Let a(z) = -8 + 174*z - 46*z + 1. Let x be a(3). Let y = x + -207. Calculate the greatest common factor of 34 and y.
34
Let l(t) = -t**2 + 66*t - 507. Let d be l(32). What is the highest common factor of d and 1079?
83
Let a = -33 + 45. Let g be a/(-14)*210/(-45). Let i be 1/((-6)/56)*-3. Calculate the greatest common factor of g and i.
4
Suppose -w = -5*u - 11020, -3*w + 3*u = -9470 - 23686. What is the highest common divisor of w and 280?
140
Let l(n) be the first derivative of 23*n**4/2 - n + 23. Let h be l(1). What is the highest common factor of h and 